9
Calculate the greatest common divisor of 2173 and 3445.
53
What is the highest common factor of 72180 and 190?
10
Calculate the greatest common divisor of 4960 and 1726700.
620
Calculate the greatest common divisor of 75834 and 1386.
198
Calculate the highest common divisor of 234 and 45810.
18
Calculate the highest common divisor of 14336 and 23968.
224
What is the highest common factor of 31417 and 1765?
353
Calculate the greatest common divisor of 1819 and 63818.
17
What is the greatest common factor of 2077 and 2914?
31
Calculate the greatest common factor of 5592 and 456.
24
Calculate the greatest common factor of 127465 and 74.
37
Calculate the greatest common factor of 20179 and 289.
17
What is the greatest common divisor of 2863 and 343?
7
Calculate the greatest common factor of 1824 and 11476.
76
What is the greatest common divisor of 109494 and 792?
198
What is the greatest common divisor of 154 and 31999?
11
Calculate the greatest common divisor of 713619 and 999.
333
What is the highest common divisor of 8134 and 424130?
1162
Calculate the greatest common divisor of 148 and 1968918.
74
Calculate the highest common divisor of 3400 and 73525.
425
What is the greatest common factor of 20471 and 88?
11
Calculate the greatest common divisor of 20 and 44152.
4
Calculate the greatest common factor of 4116 and 33.
3
Calculate the greatest common divisor of 993837 and 78.
39
Calculate the greatest common factor of 18189 and 36.
9
Calculate the greatest common divisor of 347304 and 2088.
696
What is the greatest common divisor of 13986 and 112?
14
Calculate the highest common factor of 16100 and 14980.
140
Calculate the greatest common factor of 13398 and 259434.
1218
What is the greatest common divisor of 204864 and 96?
96
What is the highest common factor of 355760 and 100?
20
Calculate the greatest common factor of 9130 and 195465.
415
Calculate the greatest common factor of 6100 and 925.
25
What is the greatest common factor of 34 and 13825250?
34
What is the highest common divisor of 7766 and 14146?
22
What is the greatest common divisor of 4113 and 7218?
9
What is the highest common divisor of 9462 and 608?
38
What is the highest common divisor of 89183 and 331125?
883
Calculate the highest common factor of 17480 and 3895.
95
What is the highest common divisor of 57 and 776283?
57
What is the greatest common factor of 157680 and 8910?
270
Calculate the greatest common divisor of 189995 and 2370.
395
Calculate the highest common factor of 16214 and 2057.
121
Calculate the highest common factor of 1745 and 66659.
349
What is the highest common factor of 191754 and 135?
27
Calculate the greatest common divisor of 1146760 and 80.
40
What is the greatest common divisor of 5010 and 354?
6
Calculate the greatest common factor of 9647 and 64021.
877
Calculate the greatest common divisor of 126695 and 45.
5
Calculate the greatest common divisor of 282 and 4608256.
94
What is the greatest common factor of 6 and 10390?
2
Calculate the highest common divisor of 7283507 and 7.
7
What is the highest common divisor of 5236 and 50116?
748
Calculate the greatest common factor of 135220 and 20.
20
Calculate the greatest common divisor of 9910 and 50.
10
What is the highest common divisor of 179277 and 7?
7
Calculate the highest common divisor of 6383055 and 6572.
1643
Calculate the greatest common factor of 21 and 2281447.
7
What is the highest common factor of 291625 and 875?
125
What is the greatest common divisor of 29 and 620513?
29
What is the greatest common factor of 42 and 250026?
42
What is the greatest common factor of 36825 and 1425?
75
Calculate the highest common factor of 1001 and 31867.
11
Calculate the highest common divisor of 121597 and 10150.
203
Calculate the highest common divisor of 192 and 48000.
192
What is the greatest common factor of 48510 and 350?
70
What is the highest common factor of 6 and 660846?
6
Calculate the greatest common factor of 14 and 544520.
2
Calculate the greatest common factor of 13396 and 187.
17
Calculate the greatest common factor of 43482 and 12.
6
What is the highest common factor of 703 and 19171?
19
What is the highest common factor of 2744 and 7294?
14
What is the highest common factor of 15 and 10491405?
15
What is the greatest common factor of 114 and 37696?
38
What is the highest common factor of 7635 and 45?
15
What is the highest common divisor of 185 and 145595?
185
What is the highest common factor of 12740 and 410?
10
What is the highest common divisor of 9474990 and 10?
10
Calculate the highest common factor of 44244 and 36.
36
What is the greatest common factor of 7942 and 176?
22
Calculate the highest common divisor of 1953 and 153.
9
Calculate the highest common divisor of 3321 and 984.
123
Calculate the highest common divisor of 524840 and 32.
8
Calculate the greatest common divisor of 295445 and 185.
185
Calculate the highest common divisor of 5 and 1608535.
5
What is the greatest common divisor of 640 and 100000?
160
What is the greatest common divisor of 238 and 80563?
119
Calculate the greatest common factor of 662532 and 29592.
1644
What is the greatest common divisor of 9925 and 13498?
397
Calculate the greatest common factor of 3519 and 816.
51
Calculate the greatest common divisor of 756013 and 633.
211
Calculate the highest common divisor of 1552545 and 45.
45
What is the highest common divisor of 70 and 7910?
70
Calculate the highest common factor of 160832 and 320.
64
Calculate the greatest common factor of 12 and 180636.
12
What is the greatest common divisor of 8642 and 30131?
29
Calculate the highest common factor of 238 and 92995.
7
What is the highest common divisor of 1302 and 5982?
6
What is the highest common divisor of 29624 and 14?
14
Calculate the highest common factor of 145 and 53099.
29
What is the greatest common factor of 325 and 256802?
13
Calculate the greatest common factor of 72 and 92712.
24
Calculate the greatest common factor of 2 and 50184.
2
What is the greatest common divisor of 266 and 3962?
14
What is the highest common divisor of 60920 and 60?
20
Calculate the highest common factor of 3022 and 806.
2
What is the highest common factor of 342360 and 160?
40
Calculate the highest common factor of 568500 and 75.
75
Calculate the highest common factor of 958 and 50.
2
What is the highest common divisor of 12998 and 536?
134
Calculate the greatest common factor of 10464 and 304.
16
What is the greatest common factor of 6394 and 43229?
139
What is the highest common factor of 12017 and 10736?
61
What is the highest common factor of 17262 and 207?
9
What is the highest common divisor of 1650 and 75955?
55
Calculate the highest common divisor of 5095 and 85.
5
Calculate the highest common factor of 36686 and 5746.
442
Calculate the highest common factor of 5 and 106979.
1
Calculate the highest common factor of 168585 and 45.
15
Calculate the greatest common divisor of 231 and 52591.
77
What is the greatest common divisor of 1729 and 11557?
91
What is the highest common divisor of 110656 and 19?
19
Calculate the greatest common factor of 2484 and 23148.
36
What is the greatest common factor of 90 and 1545?
15
What is the highest common factor of 25204 and 48?
4
What is the greatest common divisor of 237 and 4134?
3
What is the highest common factor of 30395 and 40?
5
Calculate the highest common factor of 3625 and 91350.
725
What is the highest common divisor of 4251 and 182?
13
Calculate the greatest common divisor of 5650 and 182495.
565
Calculate the greatest common divisor of 4609 and 781.
11
Calculate the highest common factor of 51782 and 850.
34
Calculate the highest common divisor of 3012442 and 4276.
2138
What is the highest common factor of 27430 and 325?
65
What is the highest common divisor of 2922665 and 1774?
887
What is the highest common divisor of 51255 and 25125?
1005
What is the greatest common divisor of 972 and 20439?
27
What is the greatest common factor of 70 and 6265?
35
What is the greatest common factor of 1112 and 12680?
8
Calculate the highest common divisor of 18 and 687546.
18
What is the highest common factor of 4 and 20354?
2
What is the greatest common divisor of 60 and 134580?
60
What is the highest common factor of 2